{"id":73,"date":"2024-08-19T18:38:08","date_gmt":"2024-08-19T18:38:08","guid":{"rendered":"https:\/\/www.pefhem.com\/?page_id=73"},"modified":"2025-11-17T05:39:32","modified_gmt":"2025-11-17T05:39:32","slug":"kayit","status":"publish","type":"page","link":"https:\/\/www.pefhem.com\/?page_id=73","title":{"rendered":"Kay\u0131t"},"content":{"rendered":"\n<p><strong>KAYIT FORMU<\/strong><\/p>\n\n\n\n<pre class=\"wp-block-code\"><code><\/code><\/pre>\n\n\n\n<p class=\"has-text-align-center\">2025-2026 D\u00f6nemi Kay\u0131tlar\u0131m\u0131z Tamamlanm\u0131\u015ft\u0131r. <br>\u0130lginize Te\u015fekk\u00fcr Ederiz.<\/p>\n\n\n\n<p><\/p>\n\n\n\n\n\n\n\n\n<p><\/p>\n","protected":false},"excerpt":{"rendered":"<p>KAYIT FORMU 2025-2026 D\u00f6nemi Kay\u0131tlar\u0131m\u0131z Tamamlanm\u0131\u015ft\u0131r. \u0130lginize Te\u015fekk\u00fcr Ederiz.<\/p>\n","protected":false},"author":1,"featured_media":0,"parent":0,"menu_order":0,"comment_status":"closed","ping_status":"closed","template":"","meta":{"footnotes":""},"class_list":["post-73","page","type-page","status-publish","hentry"],"_links":{"self":[{"href":"https:\/\/www.pefhem.com\/index.php?rest_route=\/wp\/v2\/pages\/73","targetHints":{"allow":["GET"]}}],"collection":[{"href":"https:\/\/www.pefhem.com\/index.php?rest_route=\/wp\/v2\/pages"}],"about":[{"href":"https:\/\/www.pefhem.com\/index.php?rest_route=\/wp\/v2\/types\/page"}],"author":[{"embeddable":true,"href":"https:\/\/www.pefhem.com\/index.php?rest_route=\/wp\/v2\/users\/1"}],"replies":[{"embeddable":true,"href":"https:\/\/www.pefhem.com\/index.php?rest_route=%2Fwp%2Fv2%2Fcomments&post=73"}],"version-history":[{"count":8,"href":"https:\/\/www.pefhem.com\/index.php?rest_route=\/wp\/v2\/pages\/73\/revisions"}],"predecessor-version":[{"id":105,"href":"https:\/\/www.pefhem.com\/index.php?rest_route=\/wp\/v2\/pages\/73\/revisions\/105"}],"wp:attachment":[{"href":"https:\/\/www.pefhem.com\/index.php?rest_route=%2Fwp%2Fv2%2Fmedia&parent=73"}],"curies":[{"name":"wp","href":"https:\/\/api.w.org\/{rel}","templated":true}]}}